
7
What is the ten thousands digit of 1079215865?
1
What is the ten thousands digit of 33022166?
2
What is the hundred thousands digit of 1789843429?
8
What is the billions digit of 3704489718?
3
What is the tens digit of 55054095?
9
What is the hundred thousands digit of 182992668?
9
What is the hundreds digit of 2151762714?
7
What is the units digit of 66038456?
6
What is the ten thousands digit of 25145944?
4
What is the millions digit of 1134347584?
4
What is the hundreds digit of 2955643?
6
What is the hundreds digit of 946151145?
1
What is the thousands digit of 87267639?
7
What is the units digit of 32481773?
3
What is the millions digit of 389884390?
9
What is the hundred millions digit of 198180985?
1
What is the units digit of 517028394?
4
What is the tens digit of 15479956?
5
What is the ten millions digit of 2239037953?
3
What is the ten millions digit of 1052135306?
5
What is the hundred millions digit of 2880983989?
8
What is the tens digit of 340985220?
2
What is the tens digit of 4894022523?
2
What is the ten millions digit of 23451376?
2
What is the millions digit of 894016655?
4
What is the hundred millions digit of 120887739?
1
What is the millions digit of 1057461806?
7
What is the billions digit of 1264109935?
1
What is the ten thousands digit of 14798095?
9
What is the millions digit of 1710601148?
0
What is the thousands digit of 650406902?
6
What is the tens digit of 4394131084?
8
What is the ten thousands digit of 188828635?
2
What is the thousands digit of 1781420561?
0
What is the hundreds digit of 69431692?
6
What is the millions digit of 6718101?
6
What is the ten millions digit of 63081198?
6
What is the tens digit of 117816963?
6
What is the hundred millions digit of 143620070?
1
What is the hundreds digit of 88586967?
9
What is the millions digit of 905167323?
5
What is the tens digit of 167494696?
9
What is the units digit of 28938177?
7
What is the units digit of 154678558?
8
What is the tens digit of 45024865?
6
What is the tens digit of 35869827?
2
What is the units digit of 132842642?
2
What is the millions digit of 43572873?
3
What is the tens digit of 404090401?
0
What is the ten millions digit of 10796194?
1
What is the millions digit of 212996437?
2
What is the ten millions digit of 74170231?
7
What is the tens digit of 66182886?
8
What is the thousands digit of 954479403?
9
What is the hundred millions digit of 175868740?
1
What is the units digit of 9257?
7
What is the thousands digit of 201770306?
0
What is the hundreds digit of 24035761?
7
What is the hundred thousands digit of 929533182?
5
What is the hundreds digit of 1924587395?
3
What is the tens digit of 20890316?
1
What is the hundreds digit of 403249369?
3
What is the hundreds digit of 283135670?
6
What is the thousands digit of 208529554?
9
What is the units digit of 48643903?
3
What is the hundred millions digit of 624511134?
6
What is the millions digit of 28353137?
8
What is the units digit of 153585164?
4
What is the hundreds digit of 99016684?
6
What is the hundred thousands digit of 26727116?
7
What is the hundred thousands digit of 188791471?
7
What is the hundreds digit of 17870864?
8
What is the hundred thousands digit of 374929789?
9
What is the ten millions digit of 49778276?
4
What is the hundred millions digit of 998184469?
9
What is the thousands digit of 235740481?
0
What is the ten thousands digit of 164293317?
9
What is the thousands digit of 518974424?
4
What is the units digit of 156172597?
7
What is the hundred millions digit of 151970946?
1
What is the millions digit of 1228669048?
8
What is the hundreds digit of 3687537629?
6
What is the units digit of 31462461?
1
What is the hundred thousands digit of 61323998?
3
What is the tens digit of 511123792?
9
What is the units digit of 786498513?
3
What is the ten thousands digit of 340844124?
4
What is the units digit of 8346702?
2
What is the thousands digit of 344771964?
1
What is the units digit of 14290548?
8
What is the tens digit of 1123534287?
8
What is the hundred thousands digit of 151653233?
6
What is the ten thousands digit of 9611528?
1
What is the tens digit of 19909390?
9
What is the hundreds digit of 36196636?
6
What is the hundred millions digit of 577384993?
5
What is the ten thousands digit of 48658309?
5
What is the billions digit of 2307501977?
2
What is the thousands digit of 21667313?
7
What is the units digit of 33578722?
2
What is the units digit of 83213977?
7
What is the thousands digit of 177366570?
6
What is the thousands digit of 962592?
2
What is the tens digit of 35919122?
2
What is the units digit of 473769534?
4
What is the tens digit of 757137836?
3
What is the ten millions digit of 44534096?
4
What is the units digit of 68732696?
6
What is the thousands digit of 3447256807?
6
What is the billions digit of 1638117831?
1
What is the hundred millions digit of 814622640?
8
What is the hundred thousands digit of 2554443878?
4
What is the hundred millions digit of 2918999785?
9
What is the tens digit of 1484322095?
9
What is the hundreds digit of 3082463390?
3
What is the hundred thousands digit of 391084882?
0
What is the thousands digit of 314015666?
5
What is the hundred thousands digit of 661854813?
8
What is the hundred thousands digit of 127615986?
6
What is the hundred millions digit of 747700486?
7
What is the hundred thousands digit of 686469031?
4
What is the units digit of 120504419?
9
What is the hundreds digit of 86502688?
6
What is the thousands digit of 31215544?
5
What is the ten millions digit of 32131254?
3
What is the hundred thousands digit of 16243633?
2
What is the millions digit of 97443162?
7
What is the ten millions digit of 465932611?
6
What is the hundreds digit of 55536102?
1
What is the thousands digit of 18801489?
1
What is the units digit of 87119256?
6
What is the ten thousands digit of 5305763?
0
What is the hundred thousands digit of 257911950?
9
What is the hundreds digit of 366175500?
5
What is the ten thousands digit of 3484729190?
2
What is the hundreds digit of 34335709?
7
What is the ten thousands digit of 4473518?
7
What is the units digit of 977240856?
6
What is the millions digit of 53457212?
3
What is the hundreds digit of 522860610?
6
What is the ten thousands digit of 320410592?
1
What is the ten millions digit of 217429562?
1
What is the thousands digit of 21188149?
8
What is the thousands digit of 136974301?
4
What is the tens digit of 100934950?
5
What is the hundreds digit of 140309873?
8
What is the ten millions digit of 33178346?
3
What is the ten millions digit of 32329196?
3
What is the hundred millions digit of 369785387?
3
What is the tens digit of 5015833?
3
What is the hundred millions digit of 242992598?
2
What is the ten millions digit of 200404893?
0
What is the millions digit of 29042595?
9
What is the tens digit of 37369126?
2
What is the thousands digit of 327344752?
4
What is the tens digit of 250682960?
6
What is the hundred thousands digit of 53917241?
9
What is the thousands digit of 42001386?
1
What is the millions digit of 763589724?
3
What is the hundreds digit of 4767590240?
2
What is the units digit of 151704442?
2
What is the hundred thousands digit of 19683688?
6
What is the ten thousands digit of 570217625?
1
What is the units digit of 29062271?
1
What is the tens digit of 317603254?
5
What is the units digit of 18794245?
5
What is the hundred millions digit of 6022477695?
0
What is the thousands digit of 1381206636?
6
What is the thousands digit of 55626535?
6
What is the thousands digit of 1418414?
8
What is the ten millions digit of 189954460?
8
What is the thousands digit of 6620952?
0
What is the ten millions digit of 334758819?
3
What is the ten millions digit of 6418241662?
1
What is the millions digit of 64317918?
4
What is the millions digit of 137046282?
7
What is the hundred millions digit of 883201365?
8
What is the hundreds digit of 923478823?
8
What is the hundreds digit of 40726162?
1
What is the hundred thousands digit of 43507411?
5
What is the hundred thousands digit of 185893319?
8
What is the tens digit of 53343923?
2
What is the hundred millions digit of 1008383704?
0
What is the millions digit of 43546551?
3
What is the hundred thousands digit of